24e3143
In base 3, what is -112002021210 - 2101120?
-112011200100
In base 13, what is -3 + -485269b?
-48526a1
In base 16, what is 34375b + 8?
343763
In base 2, what is 1011100010001111111 + -11?
1011100010001111100
In base 11, what is a4 - -609877?
609970
In base 16, what is -2 - -529ce44?
529ce42
In base 7, what is 260266445 - 2?
260266443
In base 11, what is -3 + 3728713?
3728710
In base 11, what is 15988072 - -2?
15988074
In base 5, what is -1420340 - 40113?
-2011003
In base 9, what is -432118383 + -5?
-432118388
In base 12, what is 13255b5 - -44?
1325639
In base 14, what is -33dccd - -131?
-33db9c
In base 13, what is -66476 + 27?
-6644c
In base 12, what is 18a8 + 2a2?
1b8a
In base 5, what is 1404331302 - -2?
1404331304
In base 5, what is -1422024201 - 3?
-1422024204
In base 10, what is -532 + 11605?
11073
In base 10, what is 1368 - 52393?
-51025
In base 11, what is 149 - 9628?
-948a
In base 6, what is -54414111515 - -1?
-54414111514
In base 6, what is 22221151 + -23?
22221124
In base 6, what is -210114 - 1204?
-211322
In base 16, what is 4606 + -3042?
15c4
In base 4, what is -33020122 - 2100?
-33022222
In base 16, what is 44 - 1e7d5?
-1e791
In base 12, what is a0 - -253684?
253764
In base 2, what is -1010111 - 10101100101001000010?
-10101100101010011001
In base 10, what is -207351809 - -4?
-207351805
In base 5, what is -1144324414 + -1?
-1144324420
In base 7, what is -1032454244 + -1?
-1032454245
In base 16, what is -1f + 22a1e?
229ff
In base 2, what is 1101011110000 + 10110?
1101100000110
In base 13, what is 1c076 + 1970?
20a16
In base 10, what is 29665 + -1048?
28617
In base 4, what is -21032032303 + 23?
-21032032220
In base 14, what is -9badd3 - -4?
-9badcd
In base 5, what is -3013020201 - 33?
-3013020234
In base 10, what is 557 - -38487?
39044
In base 8, what is 14061273 - -16?
14061311
In base 3, what is 12 - -11202120221122202?
11202120221122221
In base 4, what is -1101220102301 + -31?
-1101220102332
In base 9, what is -31153460 - 10?
-31153470
In base 14, what is 54ac - -452?
5920
In base 10, what is 1 + -1953140?
-1953139
In base 4, what is 20322 - -210312102?
210333030
In base 4, what is 12300 + 2213301?
2232201
In base 11, what is -5 + -31757?
-31761
In base 16, what is 2830 + -336?
24fa
In base 14, what is 1aa255 - bb?
1aa178
In base 12, what is 1219 - -17b175?
180392
In base 14, what is 376 + b596?
b92c
In base 14, what is 2722512a + 5?
27225131
In base 14, what is -65d + a2b16?
a2497
In base 10, what is -1943 + 14370?
12427
In base 10, what is -4419115 + 27?
-4419088
In base 2, what is 11000001011011010 + -100011010?
11000000111000000
In base 14, what is 14 - 4722c45?
-4722c31
In base 6, what is 144550003 - -200?
144550203
In base 10, what is -26507 - 22963?
-49470
In base 10, what is -3 + -5847078?
-5847081
In base 7, what is -13 - -142444?
142431
In base 12, what is -6062 - 1b032?
-25094
In base 5, what is -2100144 - 3330?
-2104024
In base 9, what is 13062114 + 1?
13062115
In base 11, what is -23851 - -625?
-23227
In base 4, what is -132 - 23311112002?
-23311112200
In base 5, what is -2304 - 30314101?
-30321410
In base 16, what is f244 + 14d0?
10714
In base 16, what is -2 + -329421?
-329423
In base 5, what is 31 - 3112402423?
-3112402342
In base 4, what is -2 + -10130013102?
-10130013110
In base 3, what is -11120000101200110 + -1?
-11120000101200111
In base 10, what is -6549754 - 2?
-6549756
In base 2, what is 1011111000000111101 + 101000000011?
1011111101001000000
In base 4, what is -20322 + 132003?
111021
In base 6, what is 4 - -14410241?
14410245
In base 15, what is -5 - -14c1e03?
14c1ded
In base 14, what is -21b8 - -a94?
-1524
In base 16, what is -1853a - 6eb?
-18c25
In base 6, what is -31035204 - 0?
-31035204
In base 4, what is 310103202 + -3?
310103133
In base 3, what is -1201102 + 12001120?
10100011
In base 15, what is ae1b + -33d?
aacd
In base 3, what is 11000100202 + -1111?
11000022021
In base 7, what is 5433 + -60156?
-51423
In base 5, what is 0 + 403044100?
403044100
In base 14, what is 10c + -14d6b?
-14c5d
In base 3, what is 102220010101212121 + 21?
102220010101212212
In base 14, what is b + -558c840?
-558c833
In base 12, what is 14 - -26b111b?
26b1133
In base 7, what is 2200132 - -456?
2200621
In base 4, what is 31110201 + -23113?
31021022
In base 4, what is 10 - -1312331120212?
1312331120222
In base 6, what is -211 - 1015335?
-1015550
In base 4, what is 2303212200 + -212?
2303211322
In base 13, what is 5b + 142364?
1423c2
In base 10, what is -19 - -540941?
540922
In base 6, what is -13 - -124151405?
124151352
In base 15, what is -12eb + cd4e?
ba53
In base 5, what is -134101 - -213111?
24010
In base 12, what is -374 + -384?
-738
In base 4, what is -3 - 103302100330?
-103302100333
In base 15, what is -714618c - 3?
-7146190
In base 14, what is -40d - -144cc?
140bd
In base 11, what is 2 + 4010267?
4010269
In base 5, what is -4 + 232212120213?
232212120204
In base 2, what is -10 - 10000101001001100111001000?
-10000101001001100111001010
In base 11, what is -29932a + -25?
-299354
In base 3, what is 1102012202000220 - 10?
1102012202000210
In base 13, what is 137 + 738cb?
73a35
In base 8, what is 13777366 - -43?
13777431
In base 4, what is -13 - 100113023331?
-100113030010
In base 4, what is 20001123213 - 12?
20001123201
In base 5, what is -11044410 + 224?
-11044131
In base 4, what is -333030 - -2233?
-330131
In base 16, what is 400f37 - -28?
400f5f
In base 7, what is -4 - 11510423542?
-11510423546
In base 14, what is -541 + -176281?
-1767c2
In base 15, what is -169 - 192c?
-1a96
In base 12, what is 1149547 + -5?
1149542
In base 10, what is -97792 - -285?
-97507
In base 4, what is 313123300 - 3220?
313120020
In base 14, what is -1 - 563c52?
-563c53
In base 8, what is -15307 - 1150?
-16457
In base 4, what is 1 - -120222123111?
120222123112
In base 6, what is -10 + -23055342302?
-23055342312
In base 2, what is -1100010 + 1000101000100101010?
1000101000011001000
In base 6, what is -10424400 + 141?
-10424215
In base 15, what is 313 - 20b8?
-1ca5
In base 5, what is -3 - -340421332?
340421324
In base 12, what is -3b10 - 7099?
-aba9
In base 11, what is -32a3 + 5389?
2096
In base 3, what is 12 + 121102121221202112?
121102121221202201
In base 11, what is -2 + -75a23165?
-75a23167
In base 6, what is 2324 + 344513?
351241
In base 8, what is 57161 + 64717?
144100
In base 6, what is 52521 + 43004?
135525
In base 7, what is 45605 - -62625?
141533
In base 7, what is 63144 - 3331?
56513
In base 10, what is 17403325 - 4?
17403321
In base 11, what is 3a5912a9a - -2?
3a5912aa1
In base 12, what is 67 + 306a7?
30752
In base 9, what is 14024122 - 1?
14024121
In base 2, what is 1000000 - -1011100000010001110?
1011100000011001110
In base 14, what is -6 + 98c90bb?
98c90b5
In base 15, what is a70394 + -1?
a70393
In base 3, what is -22212101 - -2021012120?
1221100012
In base 8, what is 12324 - -15737?
30263
In base 6, what is 2 - 5314124514?
-5314124512
In base 5, what is -21244031 + -3034?
-21302120
In base 10, what is 9253326 - 13?
9253313
In base 7, what is 14043 + -24116?
-10043
In base 7, what is -2222 - -2026361?
2024136
In base 10, what is -2259887 + -59?
-2259946
In base 8, what is -1107 + 650342?
647233
In base 16, what is bb9b - -1452?
cfed
In base 11, what is -11 + -16298903?
-16298914
In base 11, what is 3 + -3a82a20a?
-3a82a207
In base 7, what is 141030 - -235345?
406405
In base 5, what is -2034 + 1331232?
1324143
In base 15, what is 308 - 4310?
-4007
In base 7, what is -164425 + 263?
-164132
In base 6, what is 50 - 11303034?
-11302544
In base 12, what is 3 + 1157479?
1157480
In base 11, what is 2 - a14888?
-a14886
In base 5, what is 13 + 2314210200?
2314210213
In base 3, what is -221 + -220212120100200?
-220212120101121
In base 8, what is -11776 + 2500?
-7276
In base 10, what is -560957290 - -2?
-560957288
In base 9, what is -1351125 + -12?
-1351137
In base 5, what is 310043 - -1441421?
2302014
In base 2, what is -10 - -1101101001111101011100001001?
1101101001111101011100000111
In base 3, what is 1111120021 - -11021?
1111201112
In base 12, what is -3b32 - -2240?
-18b2
In base 8, what is -5 - 175363430?
-175363435
In base 13, what is -c6b13 + 1a7?
-c6939
In base 2, what is -100110110 - 10011110111010?
-10100011110000
In base 12,